 -2. Let f = 5 + d. Let x = f + 8. What is n(x)?
-3
Let a(o) = -o**3 - o. Let u(v) = -6*v**3 + 3*v**2 - 4*v + 3. Suppose -3*s - 7 = -4. Let g(d) = s*u(d) + 2*a(d). What is g(2)?
21
Let w be 1/(-3)*(-1 + -8). Suppose 2*c + 3*f + 2 = -2, 6 = -3*c - w*f. Let h(s) = s**2 - 4*s - 3. What is h(c)?
9
Let h(w) = -4*w**2 - 5*w - 4. Let g be h(-1). Let r be 3/12*6/g*10. Let f(n) = -n**2 - 4*n + 6. Calculate f(r).
1
Let z(u) be the second derivative of -u**5/20 - 5*u**4/12 - u**3/3 - u**2 - 209*u. Calculate z(-3).
-14
Let n be (-14)/(-35) + (-56)/(-10). Let d(g) be the first derivative of g**4/4 - 2*g**3 - g**2 + 9*g - 48. What is d(n)?
-3
Let u be (6/9)/(4/30). Suppose k + u*o + 13 = 5*k, -2*k - o + 17 = 0. Let q(v) = v - 2. Determine q(k).
5
Let r(i) = -3*i - 9. Let y(d) = d**2 + 12*d - 13. Let v be y(-13). Let c be r(v). Let j(o) = o**2 + 9*o - 2. What is j(c)?
-2
Let p(g) = g**3 + 2. Let n(x) = x**3 + 2*x**2 - 14*x + 5. Let j be n(-5). Determine p(j).
2
Let t(d) = -d**2 + d + 13. Suppose -2*f - 2*o + 14 + 0 = 0, 5*o - 11 = f. What is t(f)?
1
Let o = -6 - -16. Let u(b) be the second derivative of -b**3/3 - 5*b + 1. Let m(v) = 9*v - 1. Let s(c) = o*u(c) + 2*m(c). Calculate s(3).
-8
Let p(a) be the first derivative of -14 + 1/2*a**2 - 2*a. Give p(6).
4
Let z be (6 - -1)/14*6. Let o(a) = 7*a + 1. Determine o(z).
22
Suppose 0 = -5*y - 3 - 32. Let j(t) = -2 + 5*t - 3*t**2 - 9 + 1 + 4*t**2. What is j(y)?
4
Suppose 0 = -5*x - 4*s - 12 + 1, -5*s = x - 2. Suppose 5*u = 3*a + 30, -a - 2*a = -4*u + 24. Let w(b) = u*b + 1 + 2*b - 11*b. What is w(x)?
10
Let o(w) = 6*w**2 + 10*w - 1 - 10*w - 9*w + 11*w. What is o(2)?
27
Let n(i) = -i**3 - 10*i**2 + 10*i + 5. Let m = 1046 + -1057. What is n(m)?
16
Let l(r) = -r - 5. Let n be (0/(-1))/((-51)/17). Suppose n = 5*j - 5*y - 0*y - 25, 5*j + y - 37 = 0. Let o be -4 + 9/(-3) + j. Calculate l(o).
-5
Let l(c) = -4*c**3 + 2*c**2 - c - 1. Suppose -9 = 3*w - 4*x, 2*w + 20*x - 21*x = -1. Determine l(w).
-4
Let q(y) be the third derivative of y**6/720 - 11*y**5/120 + 23*y**4/24 - 21*y**2. Let u(l) be the second derivative of q(l). Determine u(6).
-5
Suppose 19*r + 26 = 121. Let c(a) = -a**2 + 3*a + 11. Give c(r).
1
Let r(h) = -h - 7. Let z(v) = 9. Let l(k) = -3*r(k) - 2*z(k). Suppose -7*w + 18 = -4*w. Give l(w).
21
Let p(o) = -4*o + 3. Let r be p(0). Suppose -r*m + 30 = 3*m. Let a(y) = -2*y + y**3 - 4 - 2*y + 0*y**2 - 4*y**2. Give a(m).
1
Let i be 6/(-42) + 86/14. Let p(x) = -5*x - 2*x - 2 + i*x. Calculate p(-2).
0
Let j be ((-9)/(-15))/((-1)/(-5)). Suppose 4*x + 16 = -x - u, j*x = 4*u - 5. Let s(f) = -2*f + 3. Determine s(x).
9
Let z(h) be the second derivative of h**4/24 - h**3/3 + h**2/2 + 5*h. Let i(q) be the first derivative of z(q). Let c = 5 + -9. Calculate i(c).
-6
Suppose a = 5, 3*b - a + 2*a = 53. Suppose 3*h - 2*f = -25, -4 = 5*h + 4*f + 1. Let d be b/5 - h/(-25). Let x(q) = q**3 - 2*q**2 - 2*q + 2. Determine x(d).
5
Let i(r) = -7*r + 9. Let j(t) = -4*t + 4. Let s(q) = -3*i(q) + 5*j(q). Give s(0).
-7
Let d(j) be the third derivative of 1/120*j**5 - 4/3*j**3 - 1/360*j**6 - 5/12*j**4 + 0 - 3*j**2 + 0*j. Let a(w) be the first derivative of d(w). Calculate a(0).
-10
Let n be 3/(-4)*(0 + 4). Suppose -2*t + 7*m - 9*m + 38 = 0, 0 = -t + 4*m + 9. Let f(h) = t - 4*h**2 - 18 + 8*h**2 + h**3 + h. What is f(n)?
5
Let w(v) = -10*v - 7. Let r(d) = 22*d + 14. Let x(n) = -6*r(n) - 13*w(n). Calculate x(6).
-5
Let y(a) be the third derivative of -a**6/120 - a**5/12 - a**4/4 - a**3 + 2*a**2 + 5*a. Give y(-5).
24
Let a(h) = -1 - 3*h**2 + 3*h - h + 4*h**2. Suppose -3*m - 2 = 10. Let p be (m - -2) + (-1 - 1). Give a(p).
7
Suppose 2*y - 3*g + 7 = 0, 4*y + 3*g = 8*y + 5. Let t = y + 1. Let h(v) = -1 + 0*v**3 - 4*v**t - v**3 - 4. Give h(-4).
-5
Suppose -2 = c - 0*c. Let d(j) be the second derivative of 0*j**2 - 2 - 1/4*j**4 + 0*j**3 - 1/10*j**5 - 5*j. Determine d(c).
4
Let v(k) be the first derivative of -k**3/3 - 11*k**2/2 + 27*k + 378. Calculate v(-13).
1
Suppose -3*t + 4*t = 2. Suppose 4*h - 26 = -2*f, 2*f + 0*h = 3*h - 9. Suppose -10 = 2*o - f*d, d - t = o + 3. Let a(j) = -3*j + 1. Determine a(o).
16
Suppose -3*c + 30*g - 32*g - 4 = 0, 0 = -c + 2*g - 4. Let y be 1 - (0 + -1) - 1. Let l(i) = y + 2*i + 1 + 4*i. Calculate l(c).
-10
Suppose -g - 8 = -3*g + j, g + 3*j = -10. Let t(y) = 6*y**g - 3*y + 4*y - y + 5*y + y**3 - 6. Suppose 7*o = 3*o - 20. What is t(o)?
-6
Let b(v) = v**2 - 4*v - 1. Let g be (0 - -4*15/6)/(-2). Let u(p) = 2*p**3 + 11*p**2 + 4*p - 1. Let r be u(g). Calculate b(r).
-1
Let w = 72 - 61. Suppose w*m + 36 = 2*m. Let o(y) = 2*y**2 + 2*y**2 + 2 - 3*y**2 + 2*y. Determine o(m).
10
Let c(g) = -4*g**2 - 10751 + 5*g + 3*g**2 + 10750. Suppose -2*p = -d, 6*p - p - 30 = -5*d. Determine c(d).
3
Let c(o) = 2*o - 34*o**2 + 8*o**2 + 12*o**2 + 13*o**2. Suppose 3*k - 4 = -2*a, 0 = a - 3*k - 3 + 1. Give c(a).
0
Let m(n) be the third derivative of -13*n**5/120 + 8*n**3/3 - 24*n**2. Let g(q) be the first derivative of m(q). Calculate g(-1).
13
Let f(j) = -13*j - 2. Let m be f(1). Let h = m + 17. Let a(x) = 4*x + 0*x + 0*x + 0*x**h + 6 - x**2. Give a(5).
1
Let d(s) = 3*s**2 - 1. Let n be d(1). Suppose 4*b = -4*o + 12, -b + 3*b = n*o + 14. Let c(h) = 5 + 4 - h - b. Calculate c(4).
0
Let j(i) = i - 1. Let r be 15*3*6/27. Suppose 18 - r = 2*d. Calculate j(d).
3
Let k = -2 - 2. Let n(w) = -2*w. Let d be n(-1). Let z(x) = 13*x**d - 2*x + 3*x - 12*x**2 + 2*x. Give z(k).
4
Suppose 0 = -2*o + a + 17, o = -2*a - 2 - 2. Let x(t) = 2*t**2 - 8*t + 4. Calculate x(o).
28
Let q(z) = -3*z + 4. Let m be 20/(-6)*81/(-45). Let g be ((4 + m)*-1)/1. Let i = g - -13. Give q(i).
-5
Let p be 2/5 + (-96)/15. Let j be 99/(-11)*2/p. Let b(l) = 5*l**j - 6*l**3 + 0*l - 3*l - 6 + 6*l**2. Give b(5).
4
Let o(s) = 4*s**2 - 3*s**2 + 3*s**2 + 3*s**2. What is o(-1)?
7
Let b(s) = 5*s**2 - 7*s**2 + 3*s**2 - 7*s + 0*s**2. Calculate b(6).
-6
Let n be 3 - (-2 + 0 - (2 + 8)). Let y(s) = -2*s + 8 + n - 26 + s. Calculate y(-3).
0
Let r(g) = -10*g - 3. Suppose 18 = 5*l - 23*l. Calculate r(l).
7
Suppose 40 = 4*a - 0*a. Let x = 6 - a. Let n(j) = 17*j**2 - 30*j**2 + 7*j**2 + 5*j**2 + 0*j**2 - 2*j. Determine n(x).
-8
Let x(t) = -t**3 + 4*t**2 - 3. Suppose 0 = -60*b + 14 + 166. What is x(b)?
6
Let w = 11 - 14. Let l be 3 - (w + 1 - -5). Let a be -3 - (4 + l)/4. Let p(o) = -o - 7. Give p(a).
-3
Let y = 125 - 161. Let i = y - -34. Let n(m) be the first derivative of 2*m**3/3 - m**2/2 - m - 1. What is n(i)?
9
Suppose -12*i + 10*i + 20 = 0. Let r(b) = 9*b + 7 + 71*b**3 - 41*b**3 - 31*b**3 + 9*b**2. Let p be r(i). Let x(z) = z + 6. What is x(p)?
3
Let f(x) be the second derivative of -x**4/12 + x**3/2 + 3*x**2/2 + 2*x + 26. Let i = 0 - -6. Calculate f(i).
-15
Let u be (-3)/(-9) + (228/9)/(-1). Let w be (-1)/1*1 - (u - -29). Let o(i) = -2*i + 1. What is o(w)?
11
Let l(a) = -5*a**3 - 2*a**2 - 1. Let t(k) = k**3 - k**2 - 1. Let w(m) = -l(m) - 4*t(m). Let x be (23/3)/((-8)/24). Let o = x + 17. Calculate w(o).
5
Let x = 3 + -1. Suppose w + x = 4. Let k(t) = -26*t**2 - 3*t - 2*t - 1 + 27*t**w. Determine k(5).
-1
Suppose -10*k = -8*k - 2. Let p(a) = 2*a + 1 + k - 9 + 3. Give p(6).
8
Let g(b) be the third derivative of -b**4/24 + b**3/2 + b**2 + 25*b. Give g(0).
3
Let p(y) = y**3 - 19*y**2 + 17*y + 21. Let w be p(18). Let r(m) = 9*m + 8 + 5*m**3 - 5*m**3 - 6*m**2 - 4*m**w + 3*m**3. What is r(-7)?
-6
Let n be -18*3/(-6) + 3. Suppose -2*d - d + n = -p, 0 = 2*p - 4*d + 16. Let j(l) = l**2 + 10*l + p*l**2 - 14*l + 0*l**2 - 3. Determine j(4).
-3
Let k(i) = 3*i**2 - 2*i - 3. Suppose 0 = -o + 3*v, -v = -4*v. Let l(u) = -2 + 3*u - 1 + o*u - 2*u**2 + 5. Let w(g) = 3*k(g) + 4*l(g). Give w(-5).
-6
Suppose -18*o + 4 = -22*o. Let j be (4/(-8) + 3)*(3 + o). Let q(w) = w**2 - w - 6. Determine q(j).
14
Let w(y) = -3*y + 2. Let s(x) = x**2 + 11*x + 15. Let l = -10 + 25. Suppose 2*v - 29 = 2*n - v, 0 = -5*v + l. Let t be s(n). What is w(t)?
-13
Let a(j) = j**2 + 5*j - 2. Let v = -356 + 352. Determine a(v).
-6
Let h = 570 + -574. Let x(p) = p**2 + 4*p + 2. Calculate x(h).
2
Let t(l) = l - 2. Suppose -12*c + 8*c = -16, -2 = -2*k + 5*c. Determine t(k).
9
Let o(d) = -d**3 + 3*d**2 - d - 4. Let i(c) = 2 + c**3 + 8*c - 9*c - 10*c + 7*c**2. Let h be i(-8). Suppose 2*q - h = 3*g - 7*g, 3*g = 4*q + 3. Give o(q).
-7
Let q(c) = 2